y 300.
5
Calculate the remainder when 741 is divided by 374.
367
What is the remainder when 50787 is divided by 862?
791
Calculate the remainder when 21767 is divided by 7238.
53
Calculate the remainder when 10181 is divided by 3363.
92
What is the remainder when 242259 is divided by 3412?
7
Calculate the remainder when 47296 is divided by 1689.
4
What is the remainder when 18857 is divided by 373?
207
What is the remainder when 88270 is divided by 635?
5
What is the remainder when 915 is divided by 689?
226
Calculate the remainder when 32230 is divided by 208.
198
Calculate the remainder when 8958 is divided by 4384.
190
What is the remainder when 6946 is divided by 485?
156
What is the remainder when 3636 is divided by 1206?
18
What is the remainder when 42313 is divided by 5?
3
Calculate the remainder when 3132 is divided by 361.
244
Calculate the remainder when 1079 is divided by 45.
44
Calculate the remainder when 129957 is divided by 248.
5
Calculate the remainder when 411817 is divided by 401.
391
What is the remainder when 2135 is divided by 799?
537
What is the remainder when 71793 is divided by 71783?
10
What is the remainder when 868637 is divided by 16?
13
Calculate the remainder when 6545 is divided by 465.
35
Calculate the remainder when 24567 is divided by 259.
221
What is the remainder when 4443 is divided by 45?
33
Calculate the remainder when 2773 is divided by 83.
34
Calculate the remainder when 20847 is divided by 92.
55
What is the remainder when 908638 is divided by 9?
7
What is the remainder when 12008 is divided by 2995?
28
What is the remainder when 3580 is divided by 11?
5
Calculate the remainder when 2079 is divided by 60.
39
What is the remainder when 1213900 is divided by 385?
380
What is the remainder when 62992 is divided by 248?
0
What is the remainder when 21690 is divided by 226?
220
What is the remainder when 521 is divided by 262?
259
Calculate the remainder when 575 is divided by 4.
3
What is the remainder when 10024 is divided by 4542?
940
Calculate the remainder when 9555 is divided by 1192.
19
Calculate the remainder when 28088 is divided by 686.
648
Calculate the remainder when 33958 is divided by 1393.
526
Calculate the remainder when 4414 is divided by 47.
43
What is the remainder when 739 is divided by 70?
39
Calculate the remainder when 5125 is divided by 112.
85
Calculate the remainder when 732 is divided by 697.
35
What is the remainder when 134 is divided by 97?
37
Calculate the remainder when 1952 is divided by 31.
30
What is the remainder when 15447 is divided by 336?
327
Calculate the remainder when 6276105 is divided by 43.
40
What is the remainder when 1857 is divided by 218?
113
What is the remainder when 61787 is divided by 185?
182
What is the remainder when 16543 is divided by 724?
615
What is the remainder when 13590 is divided by 165?
60
Calculate the remainder when 89613 is divided by 3896.
5
What is the remainder when 83394 is divided by 678?
0
Calculate the remainder when 3491 is divided by 194.
193
Calculate the remainder when 1098 is divided by 259.
62
What is the remainder when 2477 is divided by 25?
2
Calculate the remainder when 28152 is divided by 8.
0
What is the remainder when 6594 is divided by 1636?
50
What is the remainder when 5415 is divided by 60?
15
Calculate the remainder when 35089 is divided by 35059.
30
What is the remainder when 383215 is divided by 76629?
70
Calculate the remainder when 3185925 is divided by 18.
15
Calculate the remainder when 191678 is divided by 191672.
6
What is the remainder when 68417 is divided by 13?
11
What is the remainder when 210907 is divided by 173?
20
What is the remainder when 25372 is divided by 186?
76
What is the remainder when 6743 is divided by 3277?
189
What is the remainder when 715 is divided by 121?
110
What is the remainder when 4479 is divided by 99?
24
What is the remainder when 17539 is divided by 107?
98
What is the remainder when 1435319 is divided by 1329?
1328
What is the remainder when 224377 is divided by 191?
143
Calculate the remainder when 6305092 is divided by 54.
52
What is the remainder when 9035 is divided by 21?
5
Calculate the remainder when 114601 is divided by 3370.
21
What is the remainder when 6867 is divided by 2278?
33
Calculate the remainder when 2039 is divided by 1789.
250
Calculate the remainder when 33699 is divided by 1957.
430
What is the remainder when 57697 is divided by 19155?
232
Calculate the remainder when 76670 is divided by 244.
54
Calculate the remainder when 38963 is divided by 203.
190
What is the remainder when 43809 is divided by 52?
25
What is the remainder when 7333 is divided by 2443?
4
What is the remainder when 259616 is divided by 8?
0
Calculate the remainder when 27057 is divided by 265.
27
Calculate the remainder when 13306 is divided by 1900.
6
Calculate the remainder when 35866466 is divided by 273.
272
Calculate the remainder when 3269 is divided by 2707.
562
Calculate the remainder when 136619 is divided by 115.
114
What is the remainder when 25249 is divided by 8375?
124
Calculate the remainder when 3086855 is divided by 54.
53
What is the remainder when 26081 is divided by 62?
41
What is the remainder when 21599 is divided by 12?
11
What is the remainder when 47150 is divided by 93?
92
What is the remainder when 3804 is divided by 1723?
358
What is the remainder when 14763 is divided by 1057?
1022
Calculate the remainder when 256154 is divided by 11.
8
Calculate the remainder when 494734 is divided by 1348.
18
Calculate the remainder when 12600 is divided by 91.
42
What is the remainder when 75013 is divided by 281?
267
What is the remainder when 215422 is divided by 88?
86
What is the remainder when 1417 is divided by 636?
145
Calculate the remainder when 327384 is divided by 27281.
12
Calculate the remainder when 324943 is divided by 249.
247
What is the remainder when 4791 is divided by 1673?
1445
What is the remainder when 1820 is divided by 1174?
646
Calculate the remainder when 1639 is divided by 79.
59
What is the remainder when 140473 is divided by 329?
319
Calculate the remainder when 981 is divided by 82.
79
Calculate the remainder when 14676 is divided by 3.
0
What is the remainder when 8475 is divided by 230?
195
What is the remainder when 285756 is divided by 31?
29
Calculate the remainder when 204196 is divided by 12.
4
Calculate the remainder when 12330 is divided by 457.
448
What is the remainder when 5787 is divided by 340?
7
What is the remainder when 60877 is divided by 16?
13
Calculate the remainder when 236868 is divided by 27.
24
What is the remainder when 34483 is divided by 221?
7
Calculate the remainder when 31426 is divided by 209.
76
What is the remainder when 122520 is divided by 12239?
130
What is the remainder when 408 is divided by 79?
13
What is the remainder when 24702 is divided by 4115?
12
What is the remainder when 2123 is divided by 77?
44
Calculate the remainder when 1418 is divided by 542.
334
Calculate the remainder when 4260 is divided by 398.
280
Calculate the remainder when 165750 is divided by 82850.
50
What is the remainder when 2081974 is divided by 89?
86
Calculate the remainder when 47619 is divided by 1488.
3
Calculate the remainder when 356 is divided by 193.
163
Calculate the remainder when 6216 is divided by 1238.
26
What is the remainder when 31120 is divided by 267?
148
What is the remainder when 6766 is divided by 2253?
7
What is the remainder when 892774 is divided by 111596?
6
Calculate the remainder when 4009 is divided by 4004.
5
What is the remainder when 17537 is divided by 550?
487
Calculate the remainder when 20928 is divided by 1162.
12
Calculate the remainder when 80762 is divided by 3.
2
Calculate the remainder when 361 is divided by 185.
176
Calculate the remainder when 197756 is divided by 618.
614
Calculate the remainder when 8622 is divided by 35.
12
What is the remainder when 460 is divided by 122?
94
What is the remainder when 199027 is divided by 65?
62
What is the remainder when 178355 is divided by 54?
47
What is the remainder when 74405 is divided by 142?
139
What is the remainder when 1040 is divided by 867?
173
Calculate the remainder when 1049 is divided by 76.
61
What is the remai